{"id":1017,"date":"2015-07-14T01:15:47","date_gmt":"2015-07-13T23:15:47","guid":{"rendered":"http:\/\/www.moravecteam.cz\/wp-content\/uploads\/2015\/07\/08.jpg"},"modified":"2015-07-14T01:15:47","modified_gmt":"2015-07-13T23:15:47","slug":"brno-mtb-pohar","status":"inherit","type":"attachment","link":"https:\/\/www.moravecteam.cz\/?attachment_id=1017","title":{"rendered":"Brno-MTB-poh\u00e1r"},"author":3,"comment_status":"closed","ping_status":"closed","template":"","meta":[],"description":{"rendered":"<p class=\"attachment\"><a href='https:\/\/www.moravecteam.cz\/wp-content\/uploads\/2015\/07\/08.jpg'><img width=\"300\" height=\"200\" src=\"https:\/\/www.moravecteam.cz\/wp-content\/uploads\/2015\/07\/08-300x200.jpg\" class=\"attachment-medium size-medium\" alt=\"\" decoding=\"async\" loading=\"lazy\" srcset=\"https:\/\/www.moravecteam.cz\/wp-content\/uploads\/2015\/07\/08-300x200.jpg 300w, https:\/\/www.moravecteam.cz\/wp-content\/uploads\/2015\/07\/08-1024x682.jpg 1024w, https:\/\/www.moravecteam.cz\/wp-content\/uploads\/2015\/07\/08.jpg 1200w\" sizes=\"(max-width: 300px) 100vw, 300px\" \/><\/a><\/p>\n<p>P\u00e1t\u00fd z\u00e1vod \u00c8esk\u00e9ho poh\u00e1ru XCO v Brn\u00ec-Pis\u00e1rk\u00e1ch se konal v sobotu 11. \u00e8ervence 2015 na okruhu o d\u00e9lce 4,5 km. Na sn\u00edmku start elitn\u00edho z\u00e1vodu mu\u009e\u00f9.<\/p>\n"},"caption":{"rendered":"<p>P\u00e1t\u00fd z\u00e1vod \u00c8esk\u00e9ho poh\u00e1ru XCO v Brn\u00ec-Pis\u00e1rk\u00e1ch se konal v sobotu 11. \u00e8ervence 2015 na okruhu o d\u00e9lce 4,5 km. Na sn\u00edmku start elitn\u00edho z\u00e1vodu mu\u009e\u00f9.<\/p>\n"},"alt_text":"","media_type":"image","mime_type":"image\/jpeg","media_details":{"width":1200,"height":800,"file":"2015\/07\/08.jpg","sizes":{"thumbnail":{"file":"08-25x25.jpg","width":25,"height":25,"mime_type":"image\/jpeg","source_url":"https:\/\/www.moravecteam.cz\/wp-content\/uploads\/2015\/07\/08-25x25.jpg"},"medium":{"file":"08-300x200.jpg","width":300,"height":200,"mime_type":"image\/jpeg","source_url":"https:\/\/www.moravecteam.cz\/wp-content\/uploads\/2015\/07\/08-300x200.jpg"},"large":{"file":"08-1024x682.jpg","width":1024,"height":682,"mime_type":"image\/jpeg","source_url":"https:\/\/www.moravecteam.cz\/wp-content\/uploads\/2015\/07\/08-1024x682.jpg"},"post-thumbnail":{"file":"08-672x372.jpg","width":672,"height":372,"mime_type":"image\/jpeg","source_url":"https:\/\/www.moravecteam.cz\/wp-content\/uploads\/2015\/07\/08-672x372.jpg"},"twentyfourteen-full-width":{"file":"08-1038x576.jpg","width":1038,"height":576,"mime_type":"image\/jpeg","source_url":"https:\/\/www.moravecteam.cz\/wp-content\/uploads\/2015\/07\/08-1038x576.jpg"},"full":{"file":"08.jpg","width":1200,"height":800,"mime_type":"image\/jpeg","source_url":"https:\/\/www.moravecteam.cz\/wp-content\/uploads\/2015\/07\/08.jpg"}},"image_meta":{"aperture":4.5,"credit":"Jaroslav Svoboda","camera":"Canon EOS 70D","caption":"P\u00e1t\u00fd z\u00e1vod \u00c8esk\u00e9ho poh\u00e1ru XCO v Brn\u00ec-Pis\u00e1rk\u00e1ch se konal v sobotu 11. \u00e8ervence 2015 na okruhu o d\u00e9lce 4,5 km. Na sn\u00edmku start elitn\u00edho z\u00e1vodu mu\u009e\u00f9.","created_timestamp":1436628799,"copyright":"jsphoto.cz","focal_length":"93","iso":"250","shutter_speed":"0.0005","title":"Brno-MTB-poh\u00e1r"}},"post":1008,"source_url":"https:\/\/www.moravecteam.cz\/wp-content\/uploads\/2015\/07\/08.jpg","_links":{"self":[{"href":"https:\/\/www.moravecteam.cz\/index.php?rest_route=\/wp\/v2\/media\/1017"}],"collection":[{"href":"https:\/\/www.moravecteam.cz\/index.php?rest_route=\/wp\/v2\/media"}],"about":[{"href":"https:\/\/www.moravecteam.cz\/index.php?rest_route=\/wp\/v2\/types\/attachment"}],"author":[{"embeddable":true,"href":"https:\/\/www.moravecteam.cz\/index.php?rest_route=\/wp\/v2\/users\/3"}],"replies":[{"embeddable":true,"href":"https:\/\/www.moravecteam.cz\/index.php?rest_route=%2Fwp%2Fv2%2Fcomments&post=1017"}]}}

Brno-MTB-pohár

<p class="attachment"><a href='https://www.moravecteam.cz/wp-content/uploads/2015/07/08.jpg'><img width="300" height="200" src="https://www.moravecteam.cz/wp-content/uploads/2015/07/08-300x200.jpg" class="attachment-medium size-medium" alt="" decoding="async" loading="lazy" srcset="https://www.moravecteam.cz/wp-content/uploads/2015/07/08-300x200.jpg 300w, https://www.moravecteam.cz/wp-content/uploads/2015/07/08-1024x682.jpg 1024w, https://www.moravecteam.cz/wp-content/uploads/2015/07/08.jpg 1200w" sizes="(max-width: 300px) 100vw, 300px" /></a></p>
<p>Pátý závod Èeského poháru XCO v Brnì-Pisárkách se konal v sobotu 11. èervence 2015 na okruhu o délce 4,5 km. Na snímku start elitního závodu muù.</p>

<p>Pátý závod Èeského poháru XCO v Brnì-Pisárkách se konal v sobotu 11. èervence 2015 na okruhu o délce 4,5 km. Na snímku start elitního závodu muù.</p>

Pátý závod Èeského poháru XCO v Brnì-Pisárkách se konal v sobotu 11. èervence 2015 na okruhu o délce 4,5 km. Na snímku start elitního závodu muù.
