{"id":14099,"date":"2019-11-03T22:58:28","date_gmt":"2019-11-03T21:58:28","guid":{"rendered":"http:\/\/www.moravecteam.cz\/wp-content\/uploads\/2019\/11\/Ve\u010der-v\u00edt\u011bz\u016f-pozv\u00e1nka.pdf"},"modified":"2019-11-03T22:58:28","modified_gmt":"2019-11-03T21:58:28","slug":"vecer-vitezu-pozvanka","status":"inherit","type":"attachment","link":"https:\/\/www.moravecteam.cz\/?attachment_id=14099","title":{"rendered":"Ve\u010der v\u00edt\u011bz\u016f &#8211; pozv\u00e1nka"},"author":3,"comment_status":"open","ping_status":"closed","template":"","meta":[],"description":{"rendered":"<p class=\"attachment\"><a href='https:\/\/www.moravecteam.cz\/wp-content\/uploads\/2019\/11\/Ve\u010der-v\u00edt\u011bz\u016f-pozv\u00e1nka.pdf'>Ve\u010der v\u00edt\u011bz\u016f - pozv\u00e1nka<\/a><\/p>\n"},"caption":{"rendered":"<p>Ve\u010der v\u00edt\u011bz\u016f &#8211; pozv\u00e1nka<\/p>\n"},"alt_text":"","media_type":"file","mime_type":"application\/pdf","media_details":{},"post":14097,"source_url":"https:\/\/www.moravecteam.cz\/wp-content\/uploads\/2019\/11\/Ve\u010der-v\u00edt\u011bz\u016f-pozv\u00e1nka.pdf","_links":{"self":[{"href":"https:\/\/www.moravecteam.cz\/index.php?rest_route=\/wp\/v2\/media\/14099"}],"collection":[{"href":"https:\/\/www.moravecteam.cz\/index.php?rest_route=\/wp\/v2\/media"}],"about":[{"href":"https:\/\/www.moravecteam.cz\/index.php?rest_route=\/wp\/v2\/types\/attachment"}],"author":[{"embeddable":true,"href":"https:\/\/www.moravecteam.cz\/index.php?rest_route=\/wp\/v2\/users\/3"}],"replies":[{"embeddable":true,"href":"https:\/\/www.moravecteam.cz\/index.php?rest_route=%2Fwp%2Fv2%2Fcomments&post=14099"}]}}

http://www.moravecteam.cz/wp-content/uploads/2019/11/Večer-vítězů-pozvánka.pdf

Večer vítězů &#8211; pozvánka

<p class="attachment"><a href='https://www.moravecteam.cz/wp-content/uploads/2019/11/Večer-vítězů-pozvánka.pdf'>Večer vítězů - pozvánka</a></p>

<p>Večer vítězů &#8211; pozvánka</p>

https://www.moravecteam.cz/wp-content/uploads/2019/11/Večer-vítězů-pozvánka.pdf
