{"id":1564,"date":"2015-09-14T13:56:22","date_gmt":"2015-09-14T11:56:22","guid":{"rendered":"http:\/\/www.moravecteam.cz\/wp-content\/uploads\/2015\/09\/golem-2015-011.jpg"},"modified":"2015-09-14T13:56:22","modified_gmt":"2015-09-14T11:56:22","slug":"blanensky-golem-2015-5-zari","status":"inherit","type":"attachment","link":"https:\/\/www.moravecteam.cz\/?attachment_id=1564","title":{"rendered":"Blanensk\u00fd Golem 2015, 5. z\u00e1\u0159\u00ed"},"author":3,"comment_status":"closed","ping_status":"closed","template":"","meta":[],"description":{"rendered":"<p class=\"attachment\"><a href='https:\/\/www.moravecteam.cz\/wp-content\/uploads\/2015\/09\/golem-2015-011.jpg'><img width=\"300\" height=\"154\" src=\"https:\/\/www.moravecteam.cz\/wp-content\/uploads\/2015\/09\/golem-2015-011-300x154.jpg\" class=\"attachment-medium size-medium\" alt=\"\" decoding=\"async\" loading=\"lazy\" srcset=\"https:\/\/www.moravecteam.cz\/wp-content\/uploads\/2015\/09\/golem-2015-011-300x154.jpg 300w, https:\/\/www.moravecteam.cz\/wp-content\/uploads\/2015\/09\/golem-2015-011.jpg 720w\" sizes=\"(max-width: 300px) 100vw, 300px\" \/><\/a><\/p>\n<p>Blanensk\u00fd Golem 2015, 5. z\u00e1?\u00ed<\/p>\n"},"caption":{"rendered":"<p>Blanensk\u00fd Golem 2015, 5. z\u00e1?\u00ed<\/p>\n"},"alt_text":"","media_type":"image","mime_type":"image\/jpeg","media_details":{"width":720,"height":371,"file":"2015\/09\/golem-2015-011.jpg","sizes":{"thumbnail":{"file":"golem-2015-011-25x25.jpg","width":25,"height":25,"mime_type":"image\/jpeg","source_url":"https:\/\/www.moravecteam.cz\/wp-content\/uploads\/2015\/09\/golem-2015-011-25x25.jpg"},"medium":{"file":"golem-2015-011-300x154.jpg","width":300,"height":154,"mime_type":"image\/jpeg","source_url":"https:\/\/www.moravecteam.cz\/wp-content\/uploads\/2015\/09\/golem-2015-011-300x154.jpg"},"post-thumbnail":{"file":"golem-2015-011-672x371.jpg","width":672,"height":371,"mime_type":"image\/jpeg","source_url":"https:\/\/www.moravecteam.cz\/wp-content\/uploads\/2015\/09\/golem-2015-011-672x371.jpg"},"full":{"file":"golem-2015-011.jpg","width":720,"height":371,"mime_type":"image\/jpeg","source_url":"https:\/\/www.moravecteam.cz\/wp-content\/uploads\/2015\/09\/golem-2015-011.jpg"}},"image_meta":{"aperture":0,"credit":"Stejskal Ivo","camera":"","caption":"Blanensk\u00fd Golem 2015, 5. z\u00e1?\u00ed","created_timestamp":0,"copyright":"","focal_length":0,"iso":0,"shutter_speed":0,"title":"Blanensk\u00fd Golem 2015, 5. z\u00e1\u0159\u00ed"}},"post":1554,"source_url":"https:\/\/www.moravecteam.cz\/wp-content\/uploads\/2015\/09\/golem-2015-011.jpg","_links":{"self":[{"href":"https:\/\/www.moravecteam.cz\/index.php?rest_route=\/wp\/v2\/media\/1564"}],"collection":[{"href":"https:\/\/www.moravecteam.cz\/index.php?rest_route=\/wp\/v2\/media"}],"about":[{"href":"https:\/\/www.moravecteam.cz\/index.php?rest_route=\/wp\/v2\/types\/attachment"}],"author":[{"embeddable":true,"href":"https:\/\/www.moravecteam.cz\/index.php?rest_route=\/wp\/v2\/users\/3"}],"replies":[{"embeddable":true,"href":"https:\/\/www.moravecteam.cz\/index.php?rest_route=%2Fwp%2Fv2%2Fcomments&post=1564"}]}}

Blanenský Golem 2015, 5. září

<p class="attachment"><a href='https://www.moravecteam.cz/wp-content/uploads/2015/09/golem-2015-011.jpg'><img width="300" height="154" src="https://www.moravecteam.cz/wp-content/uploads/2015/09/golem-2015-011-300x154.jpg" class="attachment-medium size-medium" alt="" decoding="async" loading="lazy" srcset="https://www.moravecteam.cz/wp-content/uploads/2015/09/golem-2015-011-300x154.jpg 300w, https://www.moravecteam.cz/wp-content/uploads/2015/09/golem-2015-011.jpg 720w" sizes="(max-width: 300px) 100vw, 300px" /></a></p>
<p>Blanenský Golem 2015, 5. zá?í</p>

<p>Blanenský Golem 2015, 5. zá?í</p>

Blanenský Golem 2015, 5. zá?í
