{"id":4853,"date":"2016-07-13T08:01:33","date_gmt":"2016-07-13T06:01:33","guid":{"rendered":"http:\/\/www.moravecteam.cz\/wp-content\/uploads\/2016\/07\/Z\u0159\u00edcenina_hradu_D\u011bvi\u010dky_z_\u00fabo\u010d\u00ed_D\u011bv\u00edna.jpg"},"modified":"2016-07-13T08:01:33","modified_gmt":"2016-07-13T06:01:33","slug":"zricenina_hradu_devicky_z_uboci_devina","status":"inherit","type":"attachment","link":"https:\/\/www.moravecteam.cz\/?attachment_id=4853","title":{"rendered":"Z\u0159\u00edcenina_hradu_D\u011bvi\u010dky_z_\u00fabo\u010d\u00ed_D\u011bv\u00edna"},"author":3,"comment_status":"open","ping_status":"closed","template":"","meta":[],"description":{"rendered":"<p class=\"attachment\"><a href='https:\/\/www.moravecteam.cz\/wp-content\/uploads\/2016\/07\/Z\u0159\u00edcenina_hradu_D\u011bvi\u010dky_z_\u00fabo\u010d\u00ed_D\u011bv\u00edna.jpg'><img width=\"300\" height=\"144\" src=\"https:\/\/www.moravecteam.cz\/wp-content\/uploads\/2016\/07\/Z\u0159\u00edcenina_hradu_D\u011bvi\u010dky_z_\u00fabo\u010d\u00ed_D\u011bv\u00edna-300x144.jpg\" class=\"attachment-medium size-medium\" alt=\"\" decoding=\"async\" loading=\"lazy\" srcset=\"https:\/\/www.moravecteam.cz\/wp-content\/uploads\/2016\/07\/Z\u0159\u00edcenina_hradu_D\u011bvi\u010dky_z_\u00fabo\u010d\u00ed_D\u011bv\u00edna-300x144.jpg 300w, https:\/\/www.moravecteam.cz\/wp-content\/uploads\/2016\/07\/Z\u0159\u00edcenina_hradu_D\u011bvi\u010dky_z_\u00fabo\u010d\u00ed_D\u011bv\u00edna.jpg 732w\" sizes=\"(max-width: 300px) 100vw, 300px\" \/><\/a><\/p>\n"},"caption":{"rendered":""},"alt_text":"","media_type":"image","mime_type":"image\/jpeg","media_details":{"width":732,"height":352,"file":"2016\/07\/Z\u0159\u00edcenina_hradu_D\u011bvi\u010dky_z_\u00fabo\u010d\u00ed_D\u011bv\u00edna.jpg","sizes":{"thumbnail":{"file":"Z\u0159\u00edcenina_hradu_D\u011bvi\u010dky_z_\u00fabo\u010d\u00ed_D\u011bv\u00edna-25x25.jpg","width":25,"height":25,"mime_type":"image\/jpeg","source_url":"https:\/\/www.moravecteam.cz\/wp-content\/uploads\/2016\/07\/Z\u0159\u00edcenina_hradu_D\u011bvi\u010dky_z_\u00fabo\u010d\u00ed_D\u011bv\u00edna-25x25.jpg"},"medium":{"file":"Z\u0159\u00edcenina_hradu_D\u011bvi\u010dky_z_\u00fabo\u010d\u00ed_D\u011bv\u00edna-300x144.jpg","width":300,"height":144,"mime_type":"image\/jpeg","source_url":"https:\/\/www.moravecteam.cz\/wp-content\/uploads\/2016\/07\/Z\u0159\u00edcenina_hradu_D\u011bvi\u010dky_z_\u00fabo\u010d\u00ed_D\u011bv\u00edna-300x144.jpg"},"post-thumbnail":{"file":"Z\u0159\u00edcenina_hradu_D\u011bvi\u010dky_z_\u00fabo\u010d\u00ed_D\u011bv\u00edna-672x352.jpg","width":672,"height":352,"mime_type":"image\/jpeg","source_url":"https:\/\/www.moravecteam.cz\/wp-content\/uploads\/2016\/07\/Z\u0159\u00edcenina_hradu_D\u011bvi\u010dky_z_\u00fabo\u010d\u00ed_D\u011bv\u00edna-672x352.jpg"},"full":{"file":"Z\u0159\u00edcenina_hradu_D\u011bvi\u010dky_z_\u00fabo\u010d\u00ed_D\u011bv\u00edna.jpg","width":732,"height":352,"mime_type":"image\/jpeg","source_url":"https:\/\/www.moravecteam.cz\/wp-content\/uploads\/2016\/07\/Z\u0159\u00edcenina_hradu_D\u011bvi\u010dky_z_\u00fabo\u010d\u00ed_D\u011bv\u00edna.jpg"}},"image_meta":{"aperture":0,"credit":"","camera":"","caption":"","created_timestamp":0,"copyright":"","focal_length":0,"iso":0,"shutter_speed":0,"title":""}},"post":4848,"source_url":"https:\/\/www.moravecteam.cz\/wp-content\/uploads\/2016\/07\/Z\u0159\u00edcenina_hradu_D\u011bvi\u010dky_z_\u00fabo\u010d\u00ed_D\u011bv\u00edna.jpg","_links":{"self":[{"href":"https:\/\/www.moravecteam.cz\/index.php?rest_route=\/wp\/v2\/media\/4853"}],"collection":[{"href":"https:\/\/www.moravecteam.cz\/index.php?rest_route=\/wp\/v2\/media"}],"about":[{"href":"https:\/\/www.moravecteam.cz\/index.php?rest_route=\/wp\/v2\/types\/attachment"}],"author":[{"embeddable":true,"href":"https:\/\/www.moravecteam.cz\/index.php?rest_route=\/wp\/v2\/users\/3"}],"replies":[{"embeddable":true,"href":"https:\/\/www.moravecteam.cz\/index.php?rest_route=%2Fwp%2Fv2%2Fcomments&post=4853"}]}}

http://www.moravecteam.cz/wp-content/uploads/2016/07/Zřícenina_hradu_Děvičky_z_úbočí_Děvína.jpg

Zřícenina_hradu_Děvičky_z_úbočí_Děvína

<p class="attachment"><a href='https://www.moravecteam.cz/wp-content/uploads/2016/07/Zřícenina_hradu_Děvičky_z_úbočí_Děvína.jpg'><img width="300" height="144" src="https://www.moravecteam.cz/wp-content/uploads/2016/07/Zřícenina_hradu_Děvičky_z_úbočí_Děvína-300x144.jpg" class="attachment-medium size-medium" alt="" decoding="async" loading="lazy" srcset="https://www.moravecteam.cz/wp-content/uploads/2016/07/Zřícenina_hradu_Děvičky_z_úbočí_Děvína-300x144.jpg 300w, https://www.moravecteam.cz/wp-content/uploads/2016/07/Zřícenina_hradu_Děvičky_z_úbočí_Děvína.jpg 732w" sizes="(max-width: 300px) 100vw, 300px" /></a></p>

2016/07/Zřícenina_hradu_Děvičky_z_úbočí_Děvína.jpg

Zřícenina_hradu_Děvičky_z_úbočí_Děvína-25x25.jpg

https://www.moravecteam.cz/wp-content/uploads/2016/07/Zřícenina_hradu_Děvičky_z_úbočí_Děvína-25x25.jpg

Zřícenina_hradu_Děvičky_z_úbočí_Děvína-300x144.jpg

https://www.moravecteam.cz/wp-content/uploads/2016/07/Zřícenina_hradu_Děvičky_z_úbočí_Děvína-300x144.jpg

Zřícenina_hradu_Děvičky_z_úbočí_Děvína-672x352.jpg

https://www.moravecteam.cz/wp-content/uploads/2016/07/Zřícenina_hradu_Děvičky_z_úbočí_Děvína-672x352.jpg

Zřícenina_hradu_Děvičky_z_úbočí_Děvína.jpg

https://www.moravecteam.cz/wp-content/uploads/2016/07/Zřícenina_hradu_Děvičky_z_úbočí_Děvína.jpg
